ighest common divisor of 24 and 10543464?
24
What is the highest common divisor of 717380 and 20?
20
Calculate the greatest common divisor of 2702 and 210.
14
What is the greatest common factor of 10 and 1070770?
10
What is the greatest common factor of 640 and 2914432?
128
What is the highest common divisor of 63 and 12492?
9
Calculate the highest common factor of 225 and 4311.
9
Calculate the highest common factor of 319764 and 636.
12
What is the greatest common divisor of 35224 and 12852?
476
Calculate the highest common divisor of 425 and 659685.
85
Calculate the highest common divisor of 640 and 27008.
128
Calculate the greatest common divisor of 69850 and 55.
55
Calculate the greatest common factor of 7 and 83587.
7
Calculate the greatest common divisor of 33246 and 288.
18
Calculate the highest common divisor of 56 and 90202.
14
Calculate the greatest common divisor of 35385 and 45.
15
Calculate the greatest common divisor of 6728 and 302.
2
Calculate the greatest common divisor of 495 and 1334835.
45
Calculate the highest common divisor of 285 and 524989.
19
Calculate the greatest common factor of 1267 and 6139.
7
What is the greatest common factor of 525 and 3682950?
75
What is the greatest common factor of 1431 and 1350?
27
Calculate the highest common divisor of 43566 and 21730.
106
Calculate the greatest common divisor of 4 and 111773.
1
What is the greatest common divisor of 84 and 167412?
84
Calculate the highest common divisor of 8097685 and 3940.
985
What is the greatest common factor of 606 and 38986?
202
Calculate the greatest common factor of 20400 and 9690.
510
What is the greatest common divisor of 30229 and 2812?
703
Calculate the greatest common factor of 6213 and 545.
109
Calculate the highest common factor of 166640 and 1072.
16
What is the greatest common factor of 507530 and 70?
10
What is the greatest common divisor of 470 and 241674?
94
Calculate the greatest common divisor of 76516 and 47.
47
Calculate the highest common divisor of 446 and 901143.
223
Calculate the highest common divisor of 19619 and 69.
23
What is the greatest common factor of 133 and 21261?
19
Calculate the greatest common factor of 43 and 43138.
1
Calculate the highest common factor of 46002 and 204.
102
What is the highest common factor of 130345 and 32095?
655
Calculate the greatest common divisor of 66 and 591954.
66
Calculate the highest common divisor of 3472 and 18008.
8
Calculate the highest common factor of 2660466 and 918.
102
Calculate the greatest common divisor of 1505 and 6880.
215
Calculate the greatest common factor of 2060 and 30488.
412
What is the highest common divisor of 1450 and 70731?
29
Calculate the greatest common divisor of 15 and 81735.
15
Calculate the greatest common factor of 309579 and 296.
37
Calculate the greatest common divisor of 16080 and 1005.
1005
Calculate the greatest common divisor of 2123560 and 20.
20
Calculate the greatest common divisor of 1956 and 90.
6
What is the highest common divisor of 24347 and 1255?
251
What is the greatest common divisor of 5578 and 8?
2
Calculate the highest common factor of 3663015 and 177.
177
What is the greatest common factor of 913490 and 5?
5
What is the greatest common factor of 27877975 and 1075?
1075
Calculate the highest common factor of 18901 and 2296.
41
Calculate the highest common factor of 48 and 111292.
4
Calculate the greatest common divisor of 5936 and 51092.
212
Calculate the highest common divisor of 553 and 3395.
7
Calculate the highest common factor of 1875 and 141.
3
Calculate the greatest common factor of 29245 and 20.
5
What is the greatest common divisor of 10955 and 10115?
35
What is the greatest common factor of 95687 and 1339?
103
What is the greatest common divisor of 8903 and 21431?
29
What is the highest common factor of 1026 and 2106891?
513
What is the highest common factor of 3384 and 5736?
24
What is the highest common divisor of 114180 and 9540?
60
Calculate the greatest common divisor of 17710 and 2093.
161
What is the greatest common factor of 424 and 31588?
212
What is the highest common factor of 368 and 2137183?
23
Calculate the highest common divisor of 175098 and 693.
231
What is the highest common divisor of 62 and 17639?
31
Calculate the greatest common factor of 305 and 40.
5
What is the highest common divisor of 27 and 4917?
3
Calculate the greatest common divisor of 2985 and 3302405.
995
Calculate the highest common factor of 82496 and 64.
64
Calculate the greatest common factor of 94464 and 6273.
369
Calculate the greatest common divisor of 286 and 105358.
22
What is the greatest common divisor of 3657 and 1679?
23
What is the highest common factor of 126 and 62958?
42
Calculate the greatest common factor of 5183 and 5609.
71
Calculate the highest common factor of 161 and 5257.
7
What is the highest common divisor of 7872 and 123000?
984
Calculate the highest common divisor of 29 and 851353.
29
What is the greatest common divisor of 381288 and 192?
24
Calculate the highest common factor of 62 and 2218.
2
Calculate the highest common factor of 38 and 7242.
2
Calculate the highest common factor of 432 and 1431.
27
What is the greatest common divisor of 18565 and 1175?
235
Calculate the highest common factor of 19313 and 5983.
31
Calculate the greatest common divisor of 32368 and 532.
28
What is the highest common divisor of 80340 and 300?
60
What is the highest common divisor of 15570 and 105?
15
What is the greatest common divisor of 25155 and 18?
9
Calculate the greatest common factor of 739629 and 4743.
279
Calculate the highest common divisor of 48944 and 38962.
322
What is the greatest common divisor of 6 and 17607?
3
Calculate the greatest common divisor of 108 and 10692.
108
Calculate the highest common divisor of 11868 and 74980.
92
Calculate the greatest common factor of 1036413 and 1575.
63
What is the highest common factor of 8 and 18712?
8
What is the greatest common factor of 4 and 135644?
4
What is the greatest common factor of 35 and 41740?
5
Calculate the greatest common factor of 15640 and 6324.
68
Calculate the highest common factor of 142612 and 505.
101
Calculate the greatest common divisor of 20925 and 425.
25
What is the highest common factor of 408 and 23528?
136
Calculate the greatest common factor of 1952 and 2196.
244
What is the greatest common factor of 864 and 166200?
24
Calculate the highest common divisor of 42831 and 9.
9
Calculate the greatest common factor of 2491250 and 20.
10
What is the highest common divisor of 7293 and 10387?
221
What is the highest common factor of 54 and 3426?
6
What is the greatest common factor of 116779 and 169?
169
What is the greatest common factor of 8717 and 7959?
379
What is the highest common divisor of 4788 and 117268?
76
Calculate the greatest common divisor of 8607 and 13.
1
Calculate the greatest common factor of 6707 and 6001.
353
Calculate the highest common factor of 28 and 847.
7
What is the greatest common factor of 1077370 and 70?
70
Calculate the greatest common factor of 122 and 261080.
122
Calculate the highest common divisor of 770 and 15.
5
What is the highest common divisor of 455 and 73125?
65
What is the greatest common divisor of 701610 and 45?
15
Calculate the greatest common factor of 630 and 388290.
210
What is the greatest common divisor of 310 and 13919?
31
Calculate the highest common factor of 11190 and 600.
30
Calculate the highest common divisor of 29736 and 1008.
504
What is the greatest common factor of 4381 and 337?
337
What is the greatest common divisor of 46342 and 329188?
1598
Calculate the greatest common divisor of 1200 and 92600.
200
Calculate the highest common divisor of 50 and 3158.
2
What is the greatest common factor of 16491 and 59989?
239
What is the highest common divisor of 8340 and 240?
60
Calculate the highest common factor of 2726 and 100224.
58
What is the highest common factor of 12 and 183220?
4
Calculate the greatest common factor of 12 and 34614.
6
What is the greatest common factor of 579880 and 120?
40
Calculate the highest common factor of 480476 and 3616.
452
What is the greatest common divisor of 651 and 316533?
21
What is the greatest common factor of 612 and 3924?
36
What is the highest common 